 - 17*m. Calculate the remainder when 98 is divided by m.
6
Let r = -51 + 41. Let q = 0 - r. What is the remainder when 45 is divided by q?
5
Suppose 5*t + a - 171 = 226, 0 = -3*t - 5*a + 225. Let d = 91 - t. Calculate the remainder when d is divided by 4.
3
Let x(q) = -q**2 + 43*q + 136. What is the remainder when 180 is divided by x(45)?
42
Suppose 3*b - 6*n - 21 = -3*n, -3*b + 5*n + 25 = 0. Suppose 20 = b*d, -4*d = -2*j + 60 + 6. What is the remainder when j is divided by 11?
8
Let x(d) = 32*d + 389. Calculate the remainder when x(-11) is divided by 13/(-2)*6/(-3).
11
Suppose j = 3*v + 4 + 15, 0 = 3*j - 2*v - 71. Suppose j = -m - 4*m. Let y(q) = q**2 + q + 5. Calculate the remainder when y(m) is divided by 7.
4
Suppose -265 + 25 = -16*l. Let p = 139 - 83. What is the remainder when p is divided by l?
11
Suppose 6*z + 4*z - 50 = 0. What is the remainder when 169 is divided by z?
4
Let c(y) = 54*y + 1. Let g(m) = m - 1. Let v be g(2). Let a be c(v). Let r = a - 22. What is the remainder when r is divided by 18?
15
Suppose 2*g + 9 + 1 = 0. Let u be g/(-15) + 1/(-3). Let f = u - -6. What is the remainder when f is divided by 3?
0
Suppose -4*n + 61 = 21. Suppose -2*o + 10 = 0, 3*p - 3*o = -2*p - n. Let f = -158 + 161. What is the remainder when f is divided by p?
0
Let q = 318 - 182. Suppose -s = -18*s + q. What is the remainder when 134 is divided by s?
6
Let q(a) = a + 21. Let t be q(-19). Suppose 0 = 3*m - 4*v - 89, 145 = 5*m - t*v - 3*v. Calculate the remainder when 48 is divided by m.
21
Suppose -17*a = -250 + 29. Suppose -16*s + a*s + 72 = 0. Calculate the remainder when s is divided by 14.
10
Suppose -98 + 340 = c. What is the remainder when c is divided by 79?
5
Suppose -16*y = y - 23851. What is the remainder when y is divided by 74?
71
Let q(v) = 71*v**2 + 2*v - 3. What is the remainder when q(1) is divided by (36/8*2)/1?
7
Suppose -a = 3*a - 4*k + 84, 4*a - 3*k + 83 = 0. Let u = a - -40. Suppose 2*f - 12 = -2*f, -189 = -5*x + 2*f. Calculate the remainder when x is divided by u.
19
Let d(m) = m**2 + 28*m - 137. What is the remainder when d(-34) is divided by 35?
32
Suppose -3*n = -5*x + 421, -5*n = 10 - 0. Let i = x - 12. What is the remainder when i is divided by 24?
23
Let r = -78 - -174. Suppose -r - 12 = -6*l. Calculate the remainder when 0 + 1 + 51*1 is divided by l.
16
Let t(l) = 33*l - 1. Let m be t(1). Let j = -15 + m. What is the remainder when (6/(-4))/((-2)/64) is divided by j?
14
Let g(q) = 6*q**2 + 52*q + 10. What is the remainder when 97 is divided by g(-9)?
13
Suppose 6 = -6*m + 3*m, 0 = x + 4*m + 16. What is the remainder when (-390)/12*x/5 is divided by 28?
24
Let o(p) = -152*p + 946. Calculate the remainder when 76 is divided by o(6).
8
Suppose 284 = 4*b + 4*w, -2*b + 4*w + 244 = 2*b. Calculate the remainder when b is divided by 10.
6
Suppose 3 = i - 2. Suppose 1 - i = -4*h - 2*v, 5*h - 35 = 5*v. Suppose h*d = -4*w - w + 339, 0 = d + w - 113. Calculate the remainder when d is divided by 29.
26
Suppose -605*a = -602*a - 144. What is the remainder when 96 is divided by a?
0
Suppose -787 = -4*o - r, 155 = o + 5*r - 56. Calculate the remainder when o is divided by 103.
93
Let r(o) = -2*o**3 + 58*o**2 + 38. Suppose 15 = 5*d - 50. What is the remainder when r(29) is divided by d?
12
Let j(s) = s + 19. Let d(n) = 2*n + 39. Let o(u) = 4*d(u) - 7*j(u). Let p(q) = -1. Let v(k) = o(k) + p(k). Calculate the remainder when 44 is divided by v(-10).
8
Suppose -4*b = 3*d - 7, 5*d - 3*b - 10 - 21 = 0. Let j(f) = f**2 - 1 - 99*f + 14*f**3 + 99*f. What is the remainder when j(1) is divided by d?
4
What is the remainder when (-16)/(-28) - 2296/(-98) is divided by 8?
0
Suppose -5*b - 75 = 3*s, 0*b + 5*b = -2*s - 75. Let f = b + 28. Let r = f + -5. What is the remainder when 37 is divided by r?
5
Suppose 40 = 7*w + 26. What is the remainder when 17 is divided by w?
1
Suppose 2*d = -2*d + 48. Let o = -4 + d. Suppose -2*t = 6, -2*t = 4*i + 2*t - o. What is the remainder when i is divided by 2?
1
Suppose 3*i - 16 = -5*v, -6*v + 19 = -4*v - 3*i. Calculate the remainder when 83 is divided by -1 - 12/(-20) - (-127)/v.
8
Let s = -53 + 105. What is the remainder when s is divided by (12/5)/(124/930)?
16
Let h(j) = j**3 - 5*j**2 - 4*j - 7. Let s be h(6). Let q(i) = 2*i + 19. What is the remainder when q(s) is divided by 11?
7
Suppose -2*x = -5*s - 4, -7*x + 10 = s - 2*x. Suppose 166 = -s*m + 2*m. Calculate the remainder when m is divided by ((-161)/(-14) - 1)*-3*(-4)/6.
20
Suppose 8*l = 26 + 1838. What is the remainder when l is divided by 39?
38
Let a = 482 + -462. What is the remainder when a is divided by 15?
5
Let l(c) = 2*c + 2. Let q = 36 - 0. Calculate the remainder when q is divided by l(4).
6
Suppose 4*s + 75 = 3*y - 14, -y + 3*s = -33. Let n = 52 + -50. What is the remainder when 47 is divided by -3 - (n*y)/(-2)?
23
Suppose -15 = -2*p - 9. Let w(u) = 3*u**2 + 5*u - 3. What is the remainder when w(p) is divided by 21?
18
Let d = 526 - 479. Calculate the remainder when d is divided by 12.
11
Let t(m) = -m + 10. Let h(c) = c + 6. Let n be h(-2). Suppose -8 = -b + n*v + 34, -3*b + 4*v + 94 = 0. What is the remainder when b is divided by t(0)?
6
Suppose 75*g = 69*g + 108. Calculate the remainder when 103 is divided by g.
13
Let r(x) = -5 + 2*x + 0 + 5*x**2 + 3*x. Let v(a) = -4*a**2 - 5*a + 5. Let m(h) = -3*r(h) - 4*v(h). Calculate the remainder when 24 is divided by m(-7).
6
Calculate the remainder when 5*(1 - (-21)/5) is divided by (2 + 192/(-40))/((-8)/40).
12
Suppose 33*s - 26*s = 357. Let z(b) = 19*b - 1. Calculate the remainder when s is divided by z(1).
15
Suppose 21 - 11 = 5*y. Suppose 0 = y*a - 3*a + 62. Calculate the remainder when a is divided by 18.
8
Let a be (-4)/(-5) - 155/(-25). Let g = a - -8. Suppose 6*q = 5*q + g. What is the remainder when 72 is divided by q?
12
Suppose 0 = -3*i + 121 - 16. What is the remainder when 171 is divided by i?
31
Let h = 71 - -45. Calculate the remainder when h is divided by (-3)/(((-3)/24)/1).
20
Let p = 7 - 5. Let d(k) be the third derivative of k**4/6 - k**3/3 - 2*k**2. Calculate the remainder when d(p) is divided by 3.
0
Let h = -35 + 37. Suppose 0 = -h*f - 0 + 14. What is the remainder when (18/5)/((-6)/(-20)) is divided by f?
5
Suppose 34*l - 2133 = 25*l. What is the remainder when l is divided by 80?
77
Let x be 0*(-3)/6 - (9 - 0). Let y(s) = s**2 + 3*s - 17. Calculate the remainder when y(x) is divided by 16.
5
Suppose 5*g - 57 - 13 = 0. Suppose -a + 4 = -g. Suppose 4*b = a + 34. What is the remainder when 50 is divided by b?
11
Let s = 204 + -135. What is the remainder when s is divided by 24?
21
Let c(w) = 16*w - 5. Let u(g) = -g**2 + 81*g - 26. Let q(v) = 11*c(v) - 2*u(v). What is the remainder when 22 is divided by q(-8)?
9
Calculate the remainder when (1/(-2))/(-3*(-10)/(-22620)) is divided by 19.
16
Calculate the remainder when 177 is divided by 22/77 - 664/(-28).
9
Let q = 245 + -169. Calculate the remainder when q is divided by 16.
12
Suppose l = 3*l - 4*x - 4, 3*l + 5*x = 28. Let v(s) = 7*s - 24. Calculate the remainder when v(l) is divided by 5.
3
Let y = 268 - 196. Calculate the remainder when 286 is divided by y.
70
Let y = 414 - 284. Calculate the remainder when y is divided by 54.
22
Let a = -1191 - -1789. Calculate the remainder when a is divided by 24.
22
Let f = 112 + -106. Let b(p) = -p**2 - p + 2. Let w be b(0). Suppose u - w*v - 3*v + 4 = 0, 3*v = -4*u + 53. What is the remainder when u is divided by f?
5
Suppose 310 = 18*g - 16*g. Calculate the remainder when (3 + g/(-15))*-12 is divided by 30.
28
Suppose 3097 = -176*i + 15593. Let d(a) = -10*a - 3. Calculate the remainder when i is divided by d(-3).
17
Let x(m) = m + 1. Let u be x(-1). Suppose -2*q + 1 + 23 = u. What is the remainder when 39 is divided by (q/8)/((-3)/(-20))?
9
Suppose 4*z = 20, 4*b - 4*z + 24 = -8. Let u = b + 14. Let v = -9 - -12. What is the remainder when u is divided by v?
2
Suppose -4*w - 3*f + 796 = 0, 4*f = -5 - 11. Calculate the remainder when w is divided by 17.
15
Let l = -2037 - -2048. What is the remainder when 285 is divided by l?
10
Let d(k) = k**3 + 3*k**2 - 5*k + 12. Let a be d(-5). Let t = a - -16. What is the remainder when 16 is divided by t?
1
Let p be 102/4 - 15/(-30). Let m 